
312
In base 5, what is -1 - 413?
-414
In base 12, what is -2 + 423?
421
In base 3, what is 1021 + 10?
1101
In base 7, what is -34 - 435?
-502
In base 12, what is 68 - 1?
67
In base 14, what is -1 - 1c7?
-1c8
In base 6, what is -1032 + 5?
-1023
In base 3, what is -10011 - -12020?
2002
In base 14, what is 5 - 358?
-353
In base 13, what is -2 + 15?
13
In base 14, what is 15 + 6?
1b
In base 2, what is 10 + 10?
100
In base 3, what is -21022 - 1?
-21100
In base 7, what is 154 + -145?
6
In base 3, what is 12 + -21001?
-20212
In base 2, what is 1000100011000 - -100?
1000100011100
In base 8, what is 7 - -403?
412
In base 12, what is -b + 13?
4
In base 5, what is -344 + 10?
-334
In base 10, what is 11 + 92?
103
In base 4, what is 2300 - 2?
2232
In base 14, what is 8 - d?
-5
In base 10, what is -4149 + 4?
-4145
In base 11, what is 54 + -8?
47
In base 7, what is -1362 - -1?
-1361
In base 4, what is -33 - -12013?
11320
In base 14, what is 67b + 3?
680
In base 10, what is -67 - 12?
-79
In base 13, what is -16 + 2c?
16
In base 14, what is -1d - -1cc?
1ad
In base 15, what is 3 - 4a?
-47
In base 12, what is 1a68 + -6?
1a62
In base 4, what is 1123 + -1022?
101
In base 9, what is -1732 + 4?
-1727
In base 12, what is -2a + 7?
-23
In base 12, what is -5aa - 7?
-5b5
In base 9, what is -2 + -71?
-73
In base 15, what is -6 - -17?
11
In base 13, what is 3c - 0?
3c
In base 4, what is -223 - 2?
-231
In base 3, what is 1021000 + -10?
1020220
In base 2, what is -11 + -100100?
-100111
In base 15, what is -5 - 135?
-13a
In base 10, what is 4 + -15?
-11
In base 5, what is 10 + -30132?
-30122
In base 15, what is -647 + -1?
-648
In base 9, what is -458 - 3?
-462
In base 3, what is -101 + 100?
-1
In base 4, what is 11 - -320?
331
In base 13, what is 2 - 240?
-23b
In base 4, what is -2323 + 23?
-2300
In base 9, what is 5 - -521?
526
In base 6, what is 34153 + 2?
34155
In base 7, what is 0 + 4613?
4613
In base 11, what is -18 - -12?
-6
In base 10, what is -1321 + -4?
-1325
In base 8, what is -116 - 62?
-200
In base 16, what is -3 + 55b?
558
In base 10, what is 1 - -1?
2
In base 16, what is a + bd?
c7
In base 2, what is 11001100101 + -10?
11001100011
In base 6, what is 3 + -410?
-403
In base 7, what is -6360 + -2?
-6362
In base 12, what is -454 + -8?
-460
In base 15, what is -20c + 4?
-208
In base 9, what is 18 - -20?
38
In base 6, what is 0 + -11002?
-11002
In base 11, what is -52 - 3?
-55
In base 5, what is 422000 - -2?
422002
In base 7, what is -1122 + -34?
-1156
In base 10, what is -167 - 17?
-184
In base 7, what is 6 + 531?
540
In base 10, what is -12 - -13?
1
In base 10, what is -4 + 1456?
1452
In base 2, what is 101 + -100?
1
In base 5, what is 1 - 141?
-140
In base 14, what is 8a - -1?
8b
In base 9, what is -247 - -5?
-242
In base 3, what is 222 + -1022?
-100
In base 6, what is -1 - -21340?
21335
In base 10, what is -97 - -1?
-96
In base 6, what is 2 + -12413?
-12411
In base 7, what is 126 + -11?
115
In base 15, what is 600 + -2?
5ed
In base 10, what is 1 + 941?
942
In base 16, what is -1 - 53?
-54
In base 2, what is -100 + 1100001?
1011101
In base 7, what is 1 - 16?
-15
In base 6, what is -100 - 235?
-335
In base 10, what is 1231 - -4?
1235
In base 4, what is -122 - 1003?
-1131
In base 10, what is -2 - 2002?
-2004
In base 5, what is -4 - -3130?
3121
In base 10, what is 1225 - -4?
1229
In base 7, what is -2200 - -15?
-2152
In base 7, what is -5 + 61?
53
In base 16, what is 13 - c?
7
In base 9, what is -4 - 105?
-110
In base 7, what is 34 + -5?
26
In base 7, what is 12 - -1124?
1136
In base 2, what is 1 - 11110?
-11101
In base 8, what is -5 + -1?
-6
In base 3, what is -10201 - -12?
-10112
In base 11, what is 8 + -81?
-74
In base 12, what is 110 - 2?
10a
In base 10, what is -3295 - 3?
-3298
In base 4, what is 223 - -3?
232
In base 4, what is -30112 - 11?
-30123
In base 14, what is -1 + -17?
-18
In base 4, what is -10 - -1032?
1022
In base 14, what is 14c - -4?
152
In base 3, what is 1 + 112211?
112212
In base 5, what is -33 - 112?
-200
In base 10, what is -3666 + -13?
-3679
In base 7, what is 126 - 36?
60
In base 11, what is -3 + 186?
183
In base 9, what is -5 - -75?
70
In base 10, what is -9 + -25?
-34
In base 9, what is -10 + 36?
26
In base 7, what is -1563 - 36?
-1632
In base 16, what is 600 + -4?
5fc
In base 8, what is -3 + -704?
-707
In base 3, what is -210210 - 1?
-210211
In base 4, what is 33 + -2301?
-2202
In base 15, what is a0 + -1?
9e
In base 3, what is 0 - 2111?
-2111
In base 5, what is -34220 + 10?
-34210
In base 6, what is -12 - -13?
1
In base 9, what is -2 + 1403?
1401
In base 2, what is 1000 + 101011?
110011
In base 13, what is 2 - -45?
47
In base 6, what is 131 + -5?
122
In base 3, what is 2 + 210?
212
In base 9, what is -137 + 121?
-16
In base 5, what is 3 + 2343?
2401
In base 16, what is -5 + -116?
-11b
In base 8, what is -5 - 3652?
-3657
In base 6, what is 4 - -10223?
10231
In base 5, what is -10 - -1303?
1243
In base 11, what is -4 + 268?
264
In base 6, what is 42 + -2?
40
In base 10, what is -3 + 316?
313
In base 11, what is 8 + 124?
131
In base 13, what is 0 - -620?
620
In base 14, what is -3b - 11?
-4c
In base 15, what is -53 - 19?
-6c
In base 12, what is -4 - 46?
-4a
In base 11, what is -43 - 7?
-4a
In base 12, what is 85 + 25?
aa
In base 5, what is 10 + 1032?
1042
In base 2, what is 11 - -110101110000?
110101110011
In base 15, what is -19c - -7e?
-11d
In base 6, what is 3 - 5114?
-5111
In base 12, what is -1 - 25?
-26
In base 10, what is -31 + -4?
-35
In base 2, what is -1111 + 10?
-1101
In base 3, what is -1200102202 - 10?
-1200102212
In base 14, what is 7 + 1?
8
In base 3, what is -1120 + -12?
-1202
In base 6, what is -41 - 4?
-45
In base 2, what is -1011 + -101?
-10000
In base 13, what is -75 + -5?
-7a
In base 4, what is -1032 + 3130?
2032
In base 13, what is -1 + -37?
-38
In base 11, what is -4 + -37?
-40
In base 2, what is -10001 - 1111?
-100000
In base 4, what is 33 + 100301?
101000
In base 5, what is 10 + 34?
44
In base 4, what is 132320 + -10?
132310
In base 7, what is 35 - 2?
33
In base 6, what is 5 - -21?
30
In base 2, what is 1110 + -1101101?
-1011111
In base 15, what is -5 + -3e?
-44
In base 10, what is 5 - 10362?
-10357
In base 9, what is -1246 - 4?
-1251
In base 4, what is 130210 - -10?
130220
In base 3, what is 11 - 1020?
-1002
In base 14, what is 3a6 - -4?
3aa
In base 11, what is 2245 - -3?
2248
In base 6, what is -4 - 435?
-443
In base 12, what is -18 + -11?
-29
In base 12, what is -8 - 28b?
-297
In base 10, what is 753 + 2?
755
In base 12, what is 7 - -33?
3a
In base 13, what is -3 - 781?
-784
In base 13, what is 28c8 - -3?
28cb
In base 9, what is 6 - 53?
-46
In base 10, what is 2580 - 8?
2572
In base 10, what is -2410 - 2?
-2412
In base 6, what is -13 - 22?
-35
In base 4, what is -31 - -222?
131
In base 11, what is 5 + -262?
-258
In base 5, what is 4 + -1?
3
In base 15, what is 1 + 23?
24
In base 6, what is -404030 + -4?
-404034
In base 11, what is -6 + 4?
-2
In base 15, what is -d + 55?
47
In base 6, what is 3 - 123?
-120
In base 4, what is 303 - -21?
330
In base 11, what is 12 - 236?
-224
In base 3, what is 2210 + -122?
2011
In base 3, what is -111 + -10111?
-10222
In base 6, what is 3 - 3445?
-3442
In base 7, what is -163 - 5?
-201
In base 14, what is -5 - -40d?
408
In base 2, what is 111011000 + 10000?
111101000
In base 14, what is ac - 46?
66
In base 5, what is -2 - -213?
211
In base 3, what is 122 - -2?
201
In base 5, what is 432 + 1?
433
In base 2, what is -10000011110 + 100?
-10000011010
In base 7, what is 3 + 153?
156
In base 14, what is -3 + 2db?
2d8
In base 13, what is 2 + -21?
-1c
In base 10, what is 1 - -72?
73
In base 4, what is 22 - -11113?
11201
In base 15, what is 2 - -d?
10
In base 7, what is 1244 + 0?
1244
In base 4, what is -10 + -3?
-13
In base 16, what is 7c3 + 5?
7c8
In base 15, what is d7 + -6?
d1
In base 4, what is 301 + -132?
103
In base 8, what is -150 - -42?
-106
In base 14, what is -5 - 242?
-247
In base 12, what is -2 + 356?
354
In base 3, what is 10110 - -10?
10120
In base 9, what is 3511 + -1?
3510
In base 7, what is 1 + 13?
14
In base 13, what is -1 - -28?
27
In base 11, what is 161 - 1?
160
In base 7, what is 0 + 2333?
2333
In base 15, what is -26 - -4?
-22
In base 16, what is 0 + -bc?
-bc
I